2*k + 6 = 0. Suppose -5*x + 4*i = -127, 0 = -y*x + 5*i - 0*i + 44. Is 9 a factor of x?
True
Suppose 2*t = 8*t - 72. Let l = t + -6. Is 8*(27/l + -4) a multiple of 2?
True
Let y(v) = -v**3 + 11*v**2 - 9*v - 9. Suppose 0 = 2*q + g + g - 16, -q = -5*g - 14. Let a be y(q). Suppose 0*x + 3*x = a. Does 24 divide x?
True
Suppose 9*b = 154 + 305. Is 17 a factor of b?
True
Suppose -39 = -16*i - 7. Suppose -4*y + 240 = -8*g + 12*g, i*g + 3*y - 116 = 0. Does 8 divide g?
True
Let l = -1960 + 2190. Is 126 a factor of l?
False
Let f(h) = 2*h**2 + 8*h + 13. Let t = 1 + -7. Is 6 a factor of f(t)?
False
Suppose -4*g + 2*g + 4 = 0. Let l(m) = -2*m - 3. Let w(s) = 4*s + 5. Let d(a) = g*w(a) + 5*l(a). Is 4 a factor of d(-7)?
False
Suppose -10*b = -66*b + 56392. Is b a multiple of 53?
True
Let v = 73 - 51. Suppose -v = -2*h + 44. Is h a multiple of 23?
False
Let b = -44 + 45. Does 18 divide 5 + -6 + b + 50?
False
Let x(q) = 3*q**2 - 39*q + 2. Let o be x(13). Suppose -2*m + 152 = o*p, -m = 4*p - 2*m - 324. Does 20 divide p?
True
Let a(h) = -h**2 - 8*h - 5. Let y be a(-7). Suppose -3*o = j - 57, -3*o - 2*j + 57 = -0*j. Suppose -3*z = 5*b - o, 0 = 5*b - y*z - z - 31. Does 5 divide b?
True
Let i(p) = -p + 17. Let y be (-5)/(-10)*0/(-2). Let j be i(y). Suppose b + 3*q - j = 0, -b + 11 = -4*q + 1. Does 14 divide b?
True
Suppose -p + 5*f - 15 = 0, -3*p - 4*f - 5 = -9*f. Suppose -4*n + 20 = -16. Suppose -k - y = -4 - n, p*y = -2*k + 41. Is 3 a factor of k?
False
Is (-8)/(-1) - (-17890)/10 a multiple of 47?
False
Let m(t) = -t**2 + 21*t - 5. Let s(w) = -w**3 + w**2. Let p be s(-2). Is m(p) a multiple of 31?
False
Does 26 divide 1720/6 + (-16)/(-24)*-1?
True
Suppose 5*u + 7*b - 11 = 3*b, -5*b + 20 = 0. Let x be (-291)/(-2) + u/2. Suppose 0*z = -5*z + x. Is 17 a factor of z?
False
Suppose -396*u + 401*u = 35. Suppose -3*z = 193 - 463. Suppose 0 = -4*w + u*w - z. Does 15 divide w?
True
Let w be -12 - (0 + (-2 - 2)). Let k be (356/w)/((-2)/4). Let t = k + -22. Does 9 divide t?
False
Let q = -2607 - -1851. Let z = 1203 + q. Suppose -3*k = y - 109, 0*y = -4*y - k + z. Is 29 a factor of y?
False
Suppose 257*s - 276*s + 11913 = 0. Does 57 divide s?
True
Let g = 885 - 555. Is g a multiple of 10?
True
Let w(a) = a**2 - 4*a + 7. Let j be w(3). Suppose j*t = 146 - 26. Is t a multiple of 3?
True
Let h(m) = 11*m**2 + 14*m + 13. Does 29 divide h(6)?
True
Suppose 3*c - 35 = -3*g + 55, 65 = 2*g - 3*c. Suppose -35*y + g*y + 48 = 0. Does 9 divide (-1)/(-6) + 322/y?
True
Let d(z) = 21*z**2 - 6*z - 9. Let k(t) = t + 9. Let g be k(-12). Does 24 divide d(g)?
False
Let k(v) = -v**2 - 32*v - 57. Let p be k(-30). Suppose -2*m - 140 = -p*l, -l = -4*m - 9 - 51. Does 5 divide l?
False
Let a = 39 - 34. Is -3 + 56 + a + 4 a multiple of 31?
True
Suppose -633 - 867 = -4*q. Is q a multiple of 79?
False
Suppose 4 + 0 = p. Suppose g - 9 = -2*y + 221, p*y - 2*g - 460 = 0. Is 18 a factor of y?
False
Suppose -6*u + 17600 = 38*u. Is u a multiple of 4?
True
Let u be 2/(80/(-35) - -2). Let k = 3 + u. Is (138/12)/((-2)/k) a multiple of 10?
False
Is 9 a factor of (1 - (-2 - -3)) + (198 - 55)?
False
Let d(b) = 980*b**3 - 3*b**2 - 2*b + 3. Is 60 a factor of d(1)?
False
Let y(a) = 2*a**2 + 31*a - 18. Is y(22) a multiple of 12?
True
Suppose -2*o + 59 + 16 = 3*d, 3*o + 2*d - 110 = 0. Let k = 1 + -7. Let s = k + o. Is 15 a factor of s?
True
Let k = -667 - -1179. Is k a multiple of 12?
False
Let d = -2287 - -4290. Is 47 a factor of d?
False
Let a = -2 + 93. Does 24 divide a?
False
Let y = 416 - 278. Suppose -7*u + y = -u. Does 6 divide u?
False
Let f(m) = m - 1. Let l(o) = -13*o - 1. Let v be l(-2). Let t = v + -11. Does 13 divide f(t)?
True
Let j be (-1 - (-8)/4) + -1. Suppose 2*r = -j*r + 132. Suppose 0 = 4*b - 2*z - r, -4*b + 4*z = -b - 42. Is b a multiple of 5?
False
Let f(v) = -v**3 - v**2 + 2*v - 1. Let k be f(3). Let d = k + 156. Is 33 a factor of d?
False
Let f(p) = -2*p**2 - 21*p - 8. Let z be f(-10). Does 10 divide 14/(-10) + z - 594/(-10)?
True
Suppose -4*s + 1049 = -t, 3*s + 5*t = 10*t + 791. Does 10 divide s?
False
Let x(z) = -z**3 - 17*z**2 - 4*z - 22. Let d be -3 + (1 - 0) - 0. Let k be ((-2)/d*-34)/2. Is x(k) a multiple of 18?
False
Suppose -3*n = -5*y - 221, -10 = -6*y + y. Is n a multiple of 4?
False
Let l(f) be the first derivative of 5*f**2/2 + 22*f - 9. Is 15 a factor of l(0)?
False
Let v(p) = -3*p**3 + 11*p**2 - 2*p + 5. Let h be v(-5). Suppose -2*w + 3*w - 5*g - 160 = 0, -5*g + h = 4*w. Does 32 divide w?
False
Suppose 20*x = 3207 + 3793. Is x a multiple of 35?
True
Suppose f = 6*f + z - 1556, -2*z = 2*f - 616. Suppose 5*l = 3*l + f. Is l a multiple of 17?
False
Let z(m) = 9*m - 8. Let w(h) = 9*h - 7. Let d(y) = -4*w(y) + 3*z(y). Does 16 divide d(-3)?
False
Suppose l + 2*r = 0, l - 3*l + 3*r = -28. Let w be l/(-6)*(-33)/22. Suppose 0*d - 18 = -w*d - 4*u, -4*u - 17 = -3*d. Does 6 divide d?
False
Let x(w) = 9*w**2 + 25*w + 32. Is 3 a factor of x(-4)?
False
Let c(s) = 3*s**2 - 7*s + 8. Let a be c(2). Is a/(-24) + ((-687)/(-12) - 2) a multiple of 8?
False
Suppose -4*l = 66 - 106. Let d(p) = 11*p**2 - 2*p**3 + 4 + 0*p - 10*p + p**3. Is 2 a factor of d(l)?
True
Suppose 4*z - z + 9 = 0, 2*z + 66 = -4*c. Let f be ((-24)/c)/(4/10). Suppose 54 - f = 2*o. Is o a multiple of 7?
False
Suppose -2*h - 4 = 6, -1066 = -2*o + 2*h. Is o a multiple of 22?
True
Does 45 divide 50/(-100)*1*-596?
False
Let i be 15755/46 + 2/(-4). Let u = -210 + i. Is 20 a factor of u?
False
Suppose -3192 = -5*w - 2*k + 3*k, 5*w + 4*k = 3182. Does 29 divide w?
True
Let l(j) = -j**3 - j - 1. Suppose 0 = 4*o + 2*h + 2*h + 4, -2*o - 14 = -2*h. Is 15 a factor of l(o)?
False
Suppose m = 2*u + 82, -5*m - 3*u + 416 = -7*u. Is m a multiple of 14?
True
Suppose -25*b - 405 = -26*b. Let v = b + -75. Suppose -964 = -4*i + 5*a - v, 0 = a + 2. Is 36 a factor of i?
False
Suppose 0 = 2*b - d - 60 + 9, -54 = -2*b + 4*d. Is b a multiple of 2?
False
Suppose 10*h = -13 - 377. Let t be (116/(-8))/(2/(-8)). Let c = t + h. Is c a multiple of 18?
False
Let u(j) = 7*j**2 + 10*j + 5. Let s(a) = -20*a**2 - 29*a - 15. Let c(v) = -6*s(v) - 17*u(v). Let g be c(-9). Let d = g - -3. Is 16 a factor of d?
False
Let h be 5/(7 - 2) - -98. Let k = 174 - h. Is k a multiple of 15?
True
Let g be (0 - (-1)/(-1))/((-21)/21). Let p = 1 + -2. Is 11 a factor of g*-9*(-3 + p)?
False
Suppose 2*b - 12 = -2*j, -2*b + 16 = -4*j + 4. Let q(a) = 2*a - 4. Let g be q(3). Let y = b - g. Is 4 a factor of y?
True
Suppose -2529 - 6687 = -6*x. Suppose x = 10*t - 2*t. Does 16 divide t?
True
Let a(c) = 3*c**2 - 7*c - 2. Let f be a(-5). Let b(m) = -m + 28. Let d be b(-20). Suppose 4*l = 5*j + f, -2*l + d = -j - 6. Does 10 divide l?
False
Suppose -5*o = -f - 24, o + 2 = 5*f + 26. Let g be (48/(-28))/(f/14). Let n = g + 3. Is n a multiple of 6?
False
Let d(j) = -j**3 + 6*j**2 - 8*j + 5. Let g be d(4). Suppose -3*r - 11 = -6*r - w, g*w - 22 = -4*r. Suppose r*v + 22 = 178. Is v a multiple of 26?
True
Let p = 61 + -23. Is 7 a factor of (-3 + 0 - -4)*p?
False
Let d = 619 + -394. Does 9 divide d?
True
Suppose -50*z + 1008 = -43*z. Is 6 a factor of z?
True
Let c = -122 - -127. Suppose 94 + 41 = c*b. Does 2 divide b?
False
Let t = -31 - 36. Let y(s) = -4*s + 4. Let l be y(5). Let r = l - t. Is r a multiple of 8?
False
Suppose 5*x = -s + 1 - 12, 2*x - 2*s = -2. Is 12 a factor of x*(-26 - -3 - 4)?
False
Let x(l) be the first derivative of -2*l**2 + 10. Let q be x(-1). Suppose q*m = 83 + 33. Is m a multiple of 25?
False
Let a = 985 - 810. Is 2 a factor of a?
False
Is -6 - -6 - (-349 - 3) a multiple of 11?
True
Suppose 3*t - 1 = -4*p, -t - 3*t = -5*p - 22. Suppose 0 = t*w - 0*w - 45. Let l = 6 + w. Is 5 a factor of l?
False
Suppose -4*z + 32 = -4*l, -4*z + 19 + 8 = -3*l. Suppose 0 = -z*w + 313 + 239. Let y = -100 + w. Is y a multiple of 15?
False
Let u(r) = r**3 + r**2 - r + 3. Let v be u(0). Suppose -v*d + 9 = -0*d. Suppose 3*s - j - 2*j = 24, 2*s + d*j - 41 = 0. Is s a multiple of 13?
True
Let y = 477 + -350. Is 9 a factor of y?
False
Suppose 0 = 3*v + 4*w - 100, 0*v - 2*v = -5*w - 105. Suppose -r = 45 + v. Let o = r + 173. Is o a multiple of 33?
False
Let m = 1617 + -813. Is m a multiple of 134?
True
Suppose 258 + 10326 = 28*z. Does 31 divide z?
False
Let m = 1418 + 227. Is 7 a factor of m?
True
Let y = -1 -